 = -3 - 3. Let y(g) = -g**3 - g**2 - g + 1. Calculate y(u).
-2
Let w(v) = -v**3 + 13*v**2 + 8. Let i be ((-12400)/(-192))/5 - 2/(-24). Give w(i).
8
Suppose -z - 229 = -236. Let w(r) = 38*r - z - 100*r + 63*r. Calculate w(6).
-1
Suppose 0 = -90*j + 99*j - 27. Suppose -5*q - 26 = -3*l, 0*q + 2*q = j*l - 23. Let y(n) = 2*n + 10. Give y(l).
24
Let a be 0*(-4)/12 + 2. Let p(u) = -49 + 7*u - u**a + 0*u**2 + 55. Let v be (4/3)/(-2*(-3)/27). Calculate p(v).
12
Let c(i) = 34*i**3 + 3*i**2 + 5*i + 2. Let l(w) = 15*w**3 + w**2 + 2*w + 1. Let d(y) = -2*c(y) + 5*l(y). Determine d(1).
7
Let u(c) = -2*c**2 + 7*c - 134. Let r(x) = -x**2 + 4*x - 62. Let s(b) = -5*r(b) + 2*u(b). What is s(0)?
42
Let n(k) be the second derivative of k**3/3 - k**2/2 + 12*k. Let y = -132 + 90. Let l = y - -41. What is n(l)?
-3
Let y(u) = -8 - 8 + 3 - u. Let z(r) = 18*r**2 - 2595*r + 425. Let p be z(144). Give y(p).
-6
Let v(y) = -97 - 6*y - 45 + 170. Calculate v(-3).
46
Let q(n) = -4*n + 8. Let r(m) = -3*m + 7. Suppose 12*b + 30 = 17*b. Let k(c) = b*r(c) - 5*q(c). Let f(p) = p**3 - 2*p**2 + 1. Let v be f(-1). What is k(v)?
-2
Let u(x) = 22*x - 1. Suppose -69*c + 52*c = -15895. Let z = 934 - c. Give u(z).
-23
Let x(u) = u**2 - 2*u. Let h(i) = 45*i**2 - 3*i + 2. Let t(v) = h(v) - 2*x(v). Determine t(-1).
44
Let l(w) = 7*w - 59. Suppose 2*h = -j + 9 + 1, 70 = 3*j - 4*h. What is l(j)?
67
Let q be (-16)/(-12)*(-5)/((-10)/3). Let x(b) = q*b - 6*b - 16 + 5*b. What is x(6)?
-10
Let k(x) = -2*x - 6. Let g be k(-4). Let b(f) be the second derivative of -f**5/20 + f**4/6 - f**3/6 - f**2/2 + f - 695. What is b(g)?
-3
Let o(s) = -s**3 - 15*s**2 + 362*s - 58. Let l be o(-28). Let i(z) be the third derivative of 1/24*z**4 + 1/2*z**3 + 0*z + 6*z**2 + 0. What is i(l)?
1
Suppose -16 = 8*z - 10*z. Suppose 11*b - 30 = -z. Suppose -8 = p + b*i, 2*p + 3*i = 3*p - 17. Let f(c) = c**3 + c**2 - 4*c + 3. Determine f(p).
7
Let h(j) = -3*j**2 + 21*j + 1622. Let w be h(-20). Let i(x) = 6*x**2 - 2*x + 6. Give i(w).
26
Let c(y) be the first derivative of 11/2*y**2 + 174 - 7*y - 1/3*y**3. Determine c(5).
23
Let z(a) = -a**3 - a**2 - 10*a - 528. Let k be z(-8). Let n(p) be the second derivative of p**4/12 + 14*p**2 + p. Calculate n(k).
28
Suppose -13*c = 3*c. Suppose 12*r - 30 + 54 = c. Let h(i) = i**2 - i - 1. Determine h(r).
5
Let s(k) = k**3 - k**2 - k + 1. Let z(f) be the second derivative of -f**5/20 - f**4/3 - f**3/6 - 3*f**2/2 - 2*f - 60. Let b(u) = 2*s(u) + z(u). What is b(7)?
27
Let b(j) = j**3 + 9*j**2 + 7*j - 5. Let f be (-98)/((-2)/((0 + 3)/3)). Suppose 7*i + f = -7. Calculate b(i).
3
Let g(p) = 8*p**3 + p**2 + p + 1. Suppose 5*f - 65 = -3*r, 39 = 3*f - 4*r + 6*r. Suppose 4*v + 5 = f. Let z be -4*(-1)/(-2 - v - 0). What is g(z)?
-7
Let a = 694 - 694. Let f(o) be the second derivative of a + 5/2*o**2 + 1/6*o**3 - 7*o. Calculate f(-4).
1
Let w(f) be the third derivative of f**4/24 + f**3 - f**2 + 24*f. What is w(-7)?
-1
Let z(w) = -123 + 192 + 11 + 8*w. Determine z(-8).
16
Let k be 2 + 1*(7 - 0). Let f be (4 + k + -14)*(-1 - -1). Let x(d) = -d**2 - d - 13. Give x(f).
-13
Let m(s) be the third derivative of s**5/15 - 17*s**4/24 + s**3/6 + 1489*s**2. Give m(8).
121
Suppose 16 - 29 = 2*c + 5*q, c - 16 = 5*q. Let j(i) = -27*i**3 + 1. What is j(c)?
-26
Let u(t) = -4*t - 185. Let v be u(-47). Let m(f) = -v - 3 - 71*f**2 + 5 + 69*f**2 + f**3. Give m(3).
8
Let p(w) = w**2 - 2. Let z be p(-2). Suppose 90*r = 87*r + 6. Let t(k) = -2 + k + k**r - 2*k**2 + 8*k - 6*k. What is t(z)?
0
Let w(b) = 4*b + 20. Let k be w(9). Let y = k - 57. Let i(o) = 5*o**2 + 5*o + 4. Determine i(y).
4
Let f(j) be the first derivative of -j**4/4 + 7*j**3/3 + 8*j**2 - 58*j + 4446. Determine f(8).
6
Let m(n) = -n - 10. Let z(r) = -r**3 + 21*r**2 - 89*r - 21. Let o be z(15). Let h(i) = i + 11. Let q(u) = o*h(u) - 7*m(u). Calculate q(6).
10
Let a(c) = c**2 - 4*c - 1. Let o be a(5). Let y be (-4 + (-10)/(-3))/(28/(-378)). Let l = y - o. Let u(k) = -k**3 + 4*k**2 + k + 4. Determine u(l).
-16
Let d(w) be the second derivative of w**5/10 - 5*w**4/4 + 19*w**3/6 - 5*w**2/2 - w + 370. What is d(6)?
1
Let d(t) = -3*t + 6 - 14 + 49. Let q(f) = f - 14. Let k(r) = -4*d(r) - 11*q(r). Calculate k(7).
-3
Let x(d) = -d**2 - 2*d + 11. Let b(j) = -110*j - 2200. Let y be b(-20). Give x(y).
11
Let x(d) = -8*d - 58. Suppose -520 = 182*y + 1664. Determine x(y).
38
Let a(l) be the second derivative of 1/6*l**3 - 147*l + 0 + 15/2*l**2. What is a(7)?
22
Let z(u) = u**2 - 5*u - 20. Let d(p) = p + 78. Let i be d(-71). Calculate z(i).
-6
Let x(w) = w**2 - 9*w + 17. Suppose 2*m - 4*s + 347 = 349, -m = 4*s - 19. What is x(m)?
3
Let r(j) be the third derivative of 1/8*j**4 + 5/3*j**3 - 4 + 6*j**2 + 0*j. What is r(-6)?
-8
Let x(y) be the first derivative of 7*y**3/3 - 3*y**2/2 - y - 8145. Suppose 0 = -l - 0*l - 1. Calculate x(l).
9
Let d(o) be the second derivative of 5*o**6/144 + o**5/120 + 5*o**4/6 - 63*o. Let x(i) be the third derivative of d(i). What is x(-1)?
-24
Let g(z) = z - 4. Suppose n = -17 + 4. Let h(m) = m**2 + 9*m - 52. Let w be h(n). Let j be -3 + w/(0 - 5). Determine g(j).
-7
Let s(d) = d**3 + 22*d**2 + 49*d + 192. Let a be s(-20). Let u(o) = -o**3 + 11*o**2 + 14*o - 9. Determine u(a).
15
Let h(b) be the third derivative of -b**4/12 + 4*b**3/3 + 2*b**2 - 35. Give h(-7).
22
Let t(y) = -1. Let h(c) = -6*c - 9. Let l(a) = h(a) - 3*t(a). Suppose -4*f + 5 = -3*f. Let x(g) = g. Let k(u) = f*x(u) + l(u). Determine k(-4).
-2
Let w(k) = -k**3 - 3*k**2 + 22*k + 23. Let o be (-3*3)/((-6)/(-4)). Let g be w(o). Let x(a) = -11*a. What is x(g)?
11
Let o(i) = 2*i**2 + 19*i - 25. Let h(c) = c**2 + 9*c - 12. Let f(j) = 7*h(j) - 4*o(j). Give f(-7).
58
Let m(b) = -5*b. Suppose 3*t = 4*v - 26, -2*v - 4*t + 2 = -0*v. Suppose 2*s + 2 = -2*u, v*u + s + 5 = -0. Determine m(u).
5
Let p(r) = 21*r - 9*r**2 - 4730*r**3 - 4736*r**3 - 5 + 9465*r**3. Give p(-11).
6
Let a(p) be the second derivative of p**6/120 - p**5/60 - p**4/12 + 19*p**3/6 - 3*p. Let m(w) be the third derivative of a(w). Calculate m(-3).
-20
Let h(c) = -5*c - 3. Suppose -29*l + 2104 + 1753 = 0. Let i be (-15)/21*-3 - 19/l. What is h(i)?
-13
Let h = -7 - -14. Let z(i) be the third derivative of -i**6/120 + 2*i**5/15 - i**4/3 - i**3/3 + i**2 - 780. What is z(h)?
-9
Let q = -3559 + 3556. Let d(j) = 0*j**2 - 2*j - 487 + 485 - j**2. Calculate d(q).
-5
Let j = -190 - -237. Let l(b) = -86 + j + 45 + b**2. What is l(0)?
6
Let o be (13/2 - 5) + (-189)/(-6). Let n(s) = 6*s + s**3 - 63 + 7*s**2 + 28 + o. Suppose -3*w + 14 = -5*x - 7*w, -4 = -w. Give n(x).
-2
Suppose -3*w = 4*p - 88, -110 = -5*p + 3*w + w. Suppose -14 = -m + p. Let x be (2/(-3))/(6/m). Let d(j) = -j - 4. What is d(x)?
0
Let r be -7 + 195/13 - (10 + -1). Let o(v) = 49*v + 2. Give o(r).
-47
Let c be (-18)/(-11) + 56/154. Let v(g) be the second derivative of 1/3*g**3 + c*g**2 + 0 + 1/3*g**4 + 1/20*g**5 - 22*g. What is v(-3)?
7
Let y = 4126 + -4105. Let l(q) = -2*q**2 + 39*q + 48. Give l(y).
-15
Let u(j) = -71*j - 836. Let o be u(-12). Let w(d) = -d**2 + 16*d + 11. What is w(o)?
11
Let x(r) = 10*r**3 + r**2. Let o = 333 + -435. Let s = o - -101. Determine x(s).
-9
Suppose -3*i + 0*d - 280 = -5*d, 4*d + 82 = -i. Let r be (-2 - 20/(-15))*i. Let o = -62 + r. Let g(b) = b**3 + 3*b**2 + b - 1. Give g(o).
1
Let j(l) = -4*l**2 - 24*l - 97. Let v be j(-9). Let f = -201 - v. Let z(r) = 3*r - 11. Calculate z(f).
1
Suppose -4*i + 5*k + 100 = 0, 9 = i - 4*k - 5. Suppose -24 - i = 3*l. Let w = -27 - l. Let j(a) = a + 13. Determine j(w).
4
Let h(r) = 4*r**2 - 5*r - 2. Let m = -1749 + 1746. Calculate h(m).
49
Let t = -55 + 67. Let w(y) = 36 + 12*y - 22*y + t*y. Let p be w(-15). Let m(q) = -q**3 + 5*q**2 + 6*q - 2. Give m(p).
-2
Let c(r) be the first derivative of -4*r**2 + 1/4*r**4 + 3*r + 54 - 2*r**3. Give c(7).
-4
Let b(j) = 2*j**2 + 8*j + 6. Let r(v) = -v**2 + v - 4*v**2 - v**2 - 79 + 78 + 5*v**2. Let o(h) = b(h) + r(h). Determine o(-10).
15
Let q(o) be the second derivative of -o**5/20 + 5*o**4/12 - 5*o**3/6 + 4*o**2 - 641*o. What is q(4)?
4
Suppose 2*g + 160 = -4*m + 8*m, 3*g = -m + 40. Let i(n) = -4*n**2 - m + 0*n**2 - 2*n + 20 + 19. Give i(-2).
-13
Let w(f) = -3*f**2 + f + 1. Suppose -11*h + 2820 = 49*h. Suppose -4*v = -51*v - h. Give w(v).
-3
Let i(p) be the third deriv